{"id":1115862,"date":"2026-01-23T20:57:20","date_gmt":"2026-01-23T19:57:20","guid":{"rendered":"https:\/\/formakunde.eus\/event\/prematriculacion-bizitzaren-zaintzak-erdigunean\/"},"modified":"2026-01-23T21:53:20","modified_gmt":"2026-01-23T20:53:20","slug":"prematriculacion-bizitzaren-zaintzak-erdigunean","status":"publish","type":"tribe_events","link":"https:\/\/formakunde.eus\/es\/event\/prematriculacion-bizitzaren-zaintzak-erdigunean\/","title":{"rendered":"Prematriculaci\u00f3n: Bizitzaren zaintzak erdigunean"},"content":{"rendered":"<p><strong>Bizitzaren zaintzak erdigunean<\/strong><br \/>\nProfesorado: Matxalen Legarreta Iza, Marina Sagaztizabal Emilio-Yus, Alaitz Uriarte Goikoetxea, Maider Bara\u00f1ano Uribarri, Elena Mar\u00ednez Tola.<br \/>\nMatriculaci\u00f3n: 12 de enero a 13 de febrero.<br \/>\nFechas del curso: 16 de febrero al 22 de marzo.<br \/>\nDuraci\u00f3n: 5 semanas.<br \/>\nAcreditaci\u00f3n: 25 horas de formaci\u00f3n acreditada.<\/p>\n<p><a href=\"https:\/\/formakunde.eus\/wp-content\/uploads\/2026\/01\/Bizitzaren-zaintzak-erdigunean_CAS.pdf\" target=\"_blank\" rel=\"noopener\">Ficha y enlace para inscripci\u00f3n.<\/a><\/p>\n","protected":false},"excerpt":{"rendered":"<p>Bizitzaren zaintzak erdigunean Profesorado: Matxalen Legarreta Iza, Marina Sagaztizabal Emilio-Yus, Alaitz Uriarte Goikoetxea, Maider Bara\u00f1ano Uribarri, Elena Mar\u00ednez Tola. Matriculaci\u00f3n: 12 de enero a 13 de febrero. Fechas del curso: [&hellip;]<\/p>\n","protected":false},"author":1,"featured_media":1115836,"template":"","meta":{"_uag_custom_page_level_css":"","_kad_blocks_custom_css":"","_kad_blocks_head_custom_js":"","_kad_blocks_body_custom_js":"","_kad_blocks_footer_custom_js":"","editor_plus_copied_stylings":"{}","_tribe_events_status":"","_tribe_events_status_reason":"","_tribe_events_is_hybrid":"","_tribe_events_is_virtual":"","_tribe_events_virtual_video_source":"","_tribe_events_virtual_embed_video":"","_tribe_events_virtual_linked_button_text":"","_tribe_events_virtual_linked_button":"","_tribe_events_virtual_show_embed_at":"","_tribe_events_virtual_show_embed_to":[],"_tribe_events_virtual_show_on_event":"","_tribe_events_virtual_show_on_views":"","_tribe_events_virtual_url":"","footnotes":""},"tags":[],"tribe_events_cat":[],"class_list":["post-1115862","tribe_events","type-tribe_events","status-publish","has-post-thumbnail","hentry"],"taxonomy_info":[],"featured_image_src_large":["https:\/\/formakunde.eus\/wp-content\/uploads\/2026\/01\/Bizitzaren-zaintzak-erdigunean_cast-1024x612.png",1024,612,true],"author_info":{"display_name":"Emakunde","author_link":"https:\/\/formakunde.eus\/es\/author\/tarte1315ka2312\/"},"comment_info":"","uagb_featured_image_src":{"full":["https:\/\/formakunde.eus\/wp-content\/uploads\/2026\/01\/Bizitzaren-zaintzak-erdigunean_cast.png",1961,1172,false],"thumbnail":["https:\/\/formakunde.eus\/wp-content\/uploads\/2026\/01\/Bizitzaren-zaintzak-erdigunean_cast-150x150.png",150,150,true],"medium":["https:\/\/formakunde.eus\/wp-content\/uploads\/2026\/01\/Bizitzaren-zaintzak-erdigunean_cast-300x179.png",300,179,true],"medium_large":["https:\/\/formakunde.eus\/wp-content\/uploads\/2026\/01\/Bizitzaren-zaintzak-erdigunean_cast-768x459.png",768,459,true],"large":["https:\/\/formakunde.eus\/wp-content\/uploads\/2026\/01\/Bizitzaren-zaintzak-erdigunean_cast-1024x612.png",1024,612,true],"1536x1536":["https:\/\/formakunde.eus\/wp-content\/uploads\/2026\/01\/Bizitzaren-zaintzak-erdigunean_cast-1536x918.png",1536,918,true],"2048x2048":["https:\/\/formakunde.eus\/wp-content\/uploads\/2026\/01\/Bizitzaren-zaintzak-erdigunean_cast.png",1961,1172,false],"ultp_layout_landscape_large":["https:\/\/formakunde.eus\/wp-content\/uploads\/2026\/01\/Bizitzaren-zaintzak-erdigunean_cast-1200x800.png",1200,800,true],"ultp_layout_landscape":["https:\/\/formakunde.eus\/wp-content\/uploads\/2026\/01\/Bizitzaren-zaintzak-erdigunean_cast-870x570.png",870,570,true],"ultp_layout_portrait":["https:\/\/formakunde.eus\/wp-content\/uploads\/2026\/01\/Bizitzaren-zaintzak-erdigunean_cast-600x900.png",600,900,true],"ultp_layout_square":["https:\/\/formakunde.eus\/wp-content\/uploads\/2026\/01\/Bizitzaren-zaintzak-erdigunean_cast-600x600.png",600,600,true]},"uagb_author_info":{"display_name":"Emakunde","author_link":"https:\/\/formakunde.eus\/es\/author\/tarte1315ka2312\/"},"uagb_comment_info":0,"uagb_excerpt":"Bizitzaren zaintzak erdigunean Profesorado: Matxalen Legarreta Iza, Marina Sagaztizabal Emilio-Yus, Alaitz Uriarte Goikoetxea, Maider Bara\u00f1ano Uribarri, Elena Mar\u00ednez Tola. Matriculaci\u00f3n: 12 de enero a 13 de febrero. Fechas del curso: [&hellip;]","_links":{"self":[{"href":"https:\/\/formakunde.eus\/es\/wp-json\/wp\/v2\/tribe_events\/1115862","targetHints":{"allow":["GET"]}}],"collection":[{"href":"https:\/\/formakunde.eus\/es\/wp-json\/wp\/v2\/tribe_events"}],"about":[{"href":"https:\/\/formakunde.eus\/es\/wp-json\/wp\/v2\/types\/tribe_events"}],"author":[{"embeddable":true,"href":"https:\/\/formakunde.eus\/es\/wp-json\/wp\/v2\/users\/1"}],"version-history":[{"count":0,"href":"https:\/\/formakunde.eus\/es\/wp-json\/wp\/v2\/tribe_events\/1115862\/revisions"}],"wp:featuredmedia":[{"embeddable":true,"href":"https:\/\/formakunde.eus\/es\/wp-json\/wp\/v2\/media\/1115836"}],"wp:attachment":[{"href":"https:\/\/formakunde.eus\/es\/wp-json\/wp\/v2\/media?parent=1115862"}],"wp:term":[{"taxonomy":"post_tag","embeddable":true,"href":"https:\/\/formakunde.eus\/es\/wp-json\/wp\/v2\/tags?post=1115862"},{"taxonomy":"tribe_events_cat","embeddable":true,"href":"https:\/\/formakunde.eus\/es\/wp-json\/wp\/v2\/tribe_events_cat?post=1115862"}],"curies":[{"name":"wp","href":"https:\/\/api.w.org\/{rel}","templated":true}]}}

Prematriculación: Bizitzaren zaintzak erdigunean

<p><strong>Bizitzaren zaintzak erdigunean</strong><br />
Profesorado: Matxalen Legarreta Iza, Marina Sagaztizabal Emilio-Yus, Alaitz Uriarte Goikoetxea, Maider Barañano Uribarri, Elena Marínez Tola.<br />
Matriculación: 12 de enero a 13 de febrero.<br />
Fechas del curso: 16 de febrero al 22 de marzo.<br />
Duración: 5 semanas.<br />
Acreditación: 25 horas de formación acreditada.</p>
<p><a href="https://formakunde.eus/wp-content/uploads/2026/01/Bizitzaren-zaintzak-erdigunean_CAS.pdf" target="_blank" rel="noopener">Ficha y enlace para inscripción.</a></p>

<p>Bizitzaren zaintzak erdigunean Profesorado: Matxalen Legarreta Iza, Marina Sagaztizabal Emilio-Yus, Alaitz Uriarte Goikoetxea, Maider Barañano Uribarri, Elena Marínez Tola. Matriculación: 12 de enero a 13 de febrero. Fechas del curso: [&hellip;]</p>

Bizitzaren zaintzak erdigunean Profesorado: Matxalen Legarreta Iza, Marina Sagaztizabal Emilio-Yus, Alaitz Uriarte Goikoetxea, Maider Barañano Uribarri, Elena Marínez Tola. Matriculación: 12 de enero a 13 de febrero. Fechas del curso: [&hellip;]
