{"id":1115858,"date":"2026-01-23T21:03:23","date_gmt":"2026-01-23T20:03:23","guid":{"rendered":"https:\/\/formakunde.eus\/event\/prematriculacion-emakumeen-eta-gizonen-berdintasuna-oinarrizko-kontzeptuak\/"},"modified":"2026-01-23T21:40:36","modified_gmt":"2026-01-23T20:40:36","slug":"prematriculacion-emakumeen-eta-gizonen-berdintasuna-oinarrizko-kontzeptuak","status":"publish","type":"tribe_events","link":"https:\/\/formakunde.eus\/es\/event\/prematriculacion-emakumeen-eta-gizonen-berdintasuna-oinarrizko-kontzeptuak\/","title":{"rendered":"Prematriculaci\u00f3n: Emakumeen eta gizonen berdintasuna. Oinarrizko kontzeptuak."},"content":{"rendered":"<p><strong>Emakumeen eta gizonen berdintasuna. Oinarrizko kontzeptuak.<br \/>\n<\/strong>Profesorado: Berdintasun.<br \/>\nMatriculaci\u00f3n: 12 de enero al 13 de febrero.<br \/>\nFechas del curso: 16 de febrero al 22 de marzo.<br \/>\nDuraci\u00f3n: 5 semanas.<br \/>\nAcreditaci\u00f3n de 25 horas de Formaci\u00f3n.<\/p>\n<p><strong><a href=\"https:\/\/formakunde.eus\/wp-content\/uploads\/2026\/01\/Emakumeen-eta-gizonen-berdintasuna_CAS.pdf\" target=\"_blank\" rel=\"noopener\">Ficha y enlace para inscripci\u00f3n.<\/a><\/strong><\/p>\n<p>&nbsp;<\/p>\n","protected":false},"excerpt":{"rendered":"<p>Emakumeen eta gizonen berdintasuna. Oinarrizko kontzeptuak. Profesorado: Berdintasun. Matriculaci\u00f3n: 12 de enero al 13 de febrero. Fechas del curso: 16 de febrero al 22 de marzo. Duraci\u00f3n: 5 semanas. Acreditaci\u00f3n [&hellip;]<\/p>\n","protected":false},"author":1,"featured_media":1115839,"template":"","meta":{"_uag_custom_page_level_css":"","_kad_blocks_custom_css":"","_kad_blocks_head_custom_js":"","_kad_blocks_body_custom_js":"","_kad_blocks_footer_custom_js":"","editor_plus_copied_stylings":"{}","_tribe_events_status":"","_tribe_events_status_reason":"","_tribe_events_is_hybrid":"","_tribe_events_is_virtual":"","_tribe_events_virtual_video_source":"","_tribe_events_virtual_embed_video":"","_tribe_events_virtual_linked_button_text":"","_tribe_events_virtual_linked_button":"","_tribe_events_virtual_show_embed_at":"","_tribe_events_virtual_show_embed_to":[],"_tribe_events_virtual_show_on_event":"","_tribe_events_virtual_show_on_views":"","_tribe_events_virtual_url":"","footnotes":""},"tags":[],"tribe_events_cat":[],"class_list":["post-1115858","tribe_events","type-tribe_events","status-publish","has-post-thumbnail","hentry"],"taxonomy_info":[],"featured_image_src_large":["https:\/\/formakunde.eus\/wp-content\/uploads\/2026\/01\/emakumeen-eta-gizonen-berdintasuna-oinarriko-kontzeptuak_cast-1024x613.png",1024,613,true],"author_info":{"display_name":"Emakunde","author_link":"https:\/\/formakunde.eus\/es\/author\/tarte1315ka2312\/"},"comment_info":"","uagb_featured_image_src":{"full":["https:\/\/formakunde.eus\/wp-content\/uploads\/2026\/01\/emakumeen-eta-gizonen-berdintasuna-oinarriko-kontzeptuak_cast.png",1961,1173,false],"thumbnail":["https:\/\/formakunde.eus\/wp-content\/uploads\/2026\/01\/emakumeen-eta-gizonen-berdintasuna-oinarriko-kontzeptuak_cast-150x150.png",150,150,true],"medium":["https:\/\/formakunde.eus\/wp-content\/uploads\/2026\/01\/emakumeen-eta-gizonen-berdintasuna-oinarriko-kontzeptuak_cast-300x179.png",300,179,true],"medium_large":["https:\/\/formakunde.eus\/wp-content\/uploads\/2026\/01\/emakumeen-eta-gizonen-berdintasuna-oinarriko-kontzeptuak_cast-768x459.png",768,459,true],"large":["https:\/\/formakunde.eus\/wp-content\/uploads\/2026\/01\/emakumeen-eta-gizonen-berdintasuna-oinarriko-kontzeptuak_cast-1024x613.png",1024,613,true],"1536x1536":["https:\/\/formakunde.eus\/wp-content\/uploads\/2026\/01\/emakumeen-eta-gizonen-berdintasuna-oinarriko-kontzeptuak_cast-1536x919.png",1536,919,true],"2048x2048":["https:\/\/formakunde.eus\/wp-content\/uploads\/2026\/01\/emakumeen-eta-gizonen-berdintasuna-oinarriko-kontzeptuak_cast.png",1961,1173,false],"ultp_layout_landscape_large":["https:\/\/formakunde.eus\/wp-content\/uploads\/2026\/01\/emakumeen-eta-gizonen-berdintasuna-oinarriko-kontzeptuak_cast-1200x800.png",1200,800,true],"ultp_layout_landscape":["https:\/\/formakunde.eus\/wp-content\/uploads\/2026\/01\/emakumeen-eta-gizonen-berdintasuna-oinarriko-kontzeptuak_cast-870x570.png",870,570,true],"ultp_layout_portrait":["https:\/\/formakunde.eus\/wp-content\/uploads\/2026\/01\/emakumeen-eta-gizonen-berdintasuna-oinarriko-kontzeptuak_cast-600x900.png",600,900,true],"ultp_layout_square":["https:\/\/formakunde.eus\/wp-content\/uploads\/2026\/01\/emakumeen-eta-gizonen-berdintasuna-oinarriko-kontzeptuak_cast-600x600.png",600,600,true]},"uagb_author_info":{"display_name":"Emakunde","author_link":"https:\/\/formakunde.eus\/es\/author\/tarte1315ka2312\/"},"uagb_comment_info":0,"uagb_excerpt":"Emakumeen eta gizonen berdintasuna. Oinarrizko kontzeptuak. Profesorado: Berdintasun. Matriculaci\u00f3n: 12 de enero al 13 de febrero. Fechas del curso: 16 de febrero al 22 de marzo. Duraci\u00f3n: 5 semanas. Acreditaci\u00f3n [&hellip;]","_links":{"self":[{"href":"https:\/\/formakunde.eus\/es\/wp-json\/wp\/v2\/tribe_events\/1115858","targetHints":{"allow":["GET"]}}],"collection":[{"href":"https:\/\/formakunde.eus\/es\/wp-json\/wp\/v2\/tribe_events"}],"about":[{"href":"https:\/\/formakunde.eus\/es\/wp-json\/wp\/v2\/types\/tribe_events"}],"author":[{"embeddable":true,"href":"https:\/\/formakunde.eus\/es\/wp-json\/wp\/v2\/users\/1"}],"version-history":[{"count":0,"href":"https:\/\/formakunde.eus\/es\/wp-json\/wp\/v2\/tribe_events\/1115858\/revisions"}],"wp:featuredmedia":[{"embeddable":true,"href":"https:\/\/formakunde.eus\/es\/wp-json\/wp\/v2\/media\/1115839"}],"wp:attachment":[{"href":"https:\/\/formakunde.eus\/es\/wp-json\/wp\/v2\/media?parent=1115858"}],"wp:term":[{"taxonomy":"post_tag","embeddable":true,"href":"https:\/\/formakunde.eus\/es\/wp-json\/wp\/v2\/tags?post=1115858"},{"taxonomy":"tribe_events_cat","embeddable":true,"href":"https:\/\/formakunde.eus\/es\/wp-json\/wp\/v2\/tribe_events_cat?post=1115858"}],"curies":[{"name":"wp","href":"https:\/\/api.w.org\/{rel}","templated":true}]}}

Prematriculación: Emakumeen eta gizonen berdintasuna. Oinarrizko kontzeptuak.

<p><strong>Emakumeen eta gizonen berdintasuna. Oinarrizko kontzeptuak.<br />
</strong>Profesorado: Berdintasun.<br />
Matriculación: 12 de enero al 13 de febrero.<br />
Fechas del curso: 16 de febrero al 22 de marzo.<br />
Duración: 5 semanas.<br />
Acreditación de 25 horas de Formación.</p>
<p><strong><a href="https://formakunde.eus/wp-content/uploads/2026/01/Emakumeen-eta-gizonen-berdintasuna_CAS.pdf" target="_blank" rel="noopener">Ficha y enlace para inscripción.</a></strong></p>
<p>&nbsp;</p>

<p>Emakumeen eta gizonen berdintasuna. Oinarrizko kontzeptuak. Profesorado: Berdintasun. Matriculación: 12 de enero al 13 de febrero. Fechas del curso: 16 de febrero al 22 de marzo. Duración: 5 semanas. Acreditación [&hellip;]</p>

Emakumeen eta gizonen berdintasuna. Oinarrizko kontzeptuak. Profesorado: Berdintasun. Matriculación: 12 de enero al 13 de febrero. Fechas del curso: 16 de febrero al 22 de marzo. Duración: 5 semanas. Acreditación [&hellip;]
