{"id":1115857,"date":"2026-01-23T21:11:58","date_gmt":"2026-01-23T20:11:58","guid":{"rendered":"https:\/\/formakunde.eus\/event\/prematriculacion-los-cuidados-de-la-vida-en-el-centro\/"},"modified":"2026-01-23T21:46:41","modified_gmt":"2026-01-23T20:46:41","slug":"prematriculacion-los-cuidados-de-la-vida-en-el-centro","status":"publish","type":"tribe_events","link":"https:\/\/formakunde.eus\/es\/event\/prematriculacion-los-cuidados-de-la-vida-en-el-centro\/","title":{"rendered":"Prematriculaci\u00f3n: Los cuidados de la vida en el centro"},"content":{"rendered":"<p><strong>Los cuidados de la vida en el centro<\/strong><br \/>\nProfesorado: Matxalen Legarreta Iza, Marina Sagaztizabal Emilio-Yus, Alaitz Uriarte Goikoetxea, Maider Bara\u00f1ano Uribarri, Elena Mar\u00ednez Tola.<br \/>\nMatriculaci\u00f3n: 12 de enero a 13 de febrero.<br \/>\nFechas del curso: 16 de febrero al 22 de marzo.<br \/>\nDuraci\u00f3n: 5 semanas.<br \/>\nAcreditaci\u00f3n: 25 horas de formaci\u00f3n acreditada.<\/p>\n<p><a href=\"https:\/\/formakunde.eus\/wp-content\/uploads\/2026\/01\/Los-cuidadosde-la-vida-en-el-centro_CAS.pdf\" target=\"_blank\" rel=\"noopener\">Ficha y enlace para inscripci\u00f3n.<\/a><\/p>\n","protected":false},"excerpt":{"rendered":"<p>Los cuidados de la vida en el centro Profesorado: Matxalen Legarreta Iza, Marina Sagaztizabal Emilio-Yus, Alaitz Uriarte Goikoetxea, Maider Bara\u00f1ano Uribarri, Elena Mar\u00ednez Tola. Matriculaci\u00f3n: 12 de enero a 13 [&hellip;]<\/p>\n","protected":false},"author":1,"featured_media":1115841,"template":"","meta":{"_uag_custom_page_level_css":"","_kad_blocks_custom_css":"","_kad_blocks_head_custom_js":"","_kad_blocks_body_custom_js":"","_kad_blocks_footer_custom_js":"","editor_plus_copied_stylings":"{}","_tribe_events_status":"","_tribe_events_status_reason":"","_tribe_events_is_hybrid":"","_tribe_events_is_virtual":"","_tribe_events_virtual_video_source":"","_tribe_events_virtual_embed_video":"","_tribe_events_virtual_linked_button_text":"","_tribe_events_virtual_linked_button":"","_tribe_events_virtual_show_embed_at":"","_tribe_events_virtual_show_embed_to":[],"_tribe_events_virtual_show_on_event":"","_tribe_events_virtual_show_on_views":"","_tribe_events_virtual_url":"","footnotes":""},"tags":[],"tribe_events_cat":[],"class_list":["post-1115857","tribe_events","type-tribe_events","status-publish","has-post-thumbnail","hentry"],"taxonomy_info":[],"featured_image_src_large":["https:\/\/formakunde.eus\/wp-content\/uploads\/2026\/01\/los-cuidados-de-la-vida-en-el-centro_cast-1-1024x612.png",1024,612,true],"author_info":{"display_name":"Emakunde","author_link":"https:\/\/formakunde.eus\/es\/author\/tarte1315ka2312\/"},"comment_info":"","uagb_featured_image_src":{"full":["https:\/\/formakunde.eus\/wp-content\/uploads\/2026\/01\/los-cuidados-de-la-vida-en-el-centro_cast-1.png",1961,1172,false],"thumbnail":["https:\/\/formakunde.eus\/wp-content\/uploads\/2026\/01\/los-cuidados-de-la-vida-en-el-centro_cast-1-150x150.png",150,150,true],"medium":["https:\/\/formakunde.eus\/wp-content\/uploads\/2026\/01\/los-cuidados-de-la-vida-en-el-centro_cast-1-300x179.png",300,179,true],"medium_large":["https:\/\/formakunde.eus\/wp-content\/uploads\/2026\/01\/los-cuidados-de-la-vida-en-el-centro_cast-1-768x459.png",768,459,true],"large":["https:\/\/formakunde.eus\/wp-content\/uploads\/2026\/01\/los-cuidados-de-la-vida-en-el-centro_cast-1-1024x612.png",1024,612,true],"1536x1536":["https:\/\/formakunde.eus\/wp-content\/uploads\/2026\/01\/los-cuidados-de-la-vida-en-el-centro_cast-1-1536x918.png",1536,918,true],"2048x2048":["https:\/\/formakunde.eus\/wp-content\/uploads\/2026\/01\/los-cuidados-de-la-vida-en-el-centro_cast-1.png",1961,1172,false],"ultp_layout_landscape_large":["https:\/\/formakunde.eus\/wp-content\/uploads\/2026\/01\/los-cuidados-de-la-vida-en-el-centro_cast-1-1200x800.png",1200,800,true],"ultp_layout_landscape":["https:\/\/formakunde.eus\/wp-content\/uploads\/2026\/01\/los-cuidados-de-la-vida-en-el-centro_cast-1-870x570.png",870,570,true],"ultp_layout_portrait":["https:\/\/formakunde.eus\/wp-content\/uploads\/2026\/01\/los-cuidados-de-la-vida-en-el-centro_cast-1-600x900.png",600,900,true],"ultp_layout_square":["https:\/\/formakunde.eus\/wp-content\/uploads\/2026\/01\/los-cuidados-de-la-vida-en-el-centro_cast-1-600x600.png",600,600,true]},"uagb_author_info":{"display_name":"Emakunde","author_link":"https:\/\/formakunde.eus\/es\/author\/tarte1315ka2312\/"},"uagb_comment_info":0,"uagb_excerpt":"Los cuidados de la vida en el centro Profesorado: Matxalen Legarreta Iza, Marina Sagaztizabal Emilio-Yus, Alaitz Uriarte Goikoetxea, Maider Bara\u00f1ano Uribarri, Elena Mar\u00ednez Tola. Matriculaci\u00f3n: 12 de enero a 13 [&hellip;]","_links":{"self":[{"href":"https:\/\/formakunde.eus\/es\/wp-json\/wp\/v2\/tribe_events\/1115857","targetHints":{"allow":["GET"]}}],"collection":[{"href":"https:\/\/formakunde.eus\/es\/wp-json\/wp\/v2\/tribe_events"}],"about":[{"href":"https:\/\/formakunde.eus\/es\/wp-json\/wp\/v2\/types\/tribe_events"}],"author":[{"embeddable":true,"href":"https:\/\/formakunde.eus\/es\/wp-json\/wp\/v2\/users\/1"}],"version-history":[{"count":0,"href":"https:\/\/formakunde.eus\/es\/wp-json\/wp\/v2\/tribe_events\/1115857\/revisions"}],"wp:featuredmedia":[{"embeddable":true,"href":"https:\/\/formakunde.eus\/es\/wp-json\/wp\/v2\/media\/1115841"}],"wp:attachment":[{"href":"https:\/\/formakunde.eus\/es\/wp-json\/wp\/v2\/media?parent=1115857"}],"wp:term":[{"taxonomy":"post_tag","embeddable":true,"href":"https:\/\/formakunde.eus\/es\/wp-json\/wp\/v2\/tags?post=1115857"},{"taxonomy":"tribe_events_cat","embeddable":true,"href":"https:\/\/formakunde.eus\/es\/wp-json\/wp\/v2\/tribe_events_cat?post=1115857"}],"curies":[{"name":"wp","href":"https:\/\/api.w.org\/{rel}","templated":true}]}}

Prematriculación: Los cuidados de la vida en el centro

<p><strong>Los cuidados de la vida en el centro</strong><br />
Profesorado: Matxalen Legarreta Iza, Marina Sagaztizabal Emilio-Yus, Alaitz Uriarte Goikoetxea, Maider Barañano Uribarri, Elena Marínez Tola.<br />
Matriculación: 12 de enero a 13 de febrero.<br />
Fechas del curso: 16 de febrero al 22 de marzo.<br />
Duración: 5 semanas.<br />
Acreditación: 25 horas de formación acreditada.</p>
<p><a href="https://formakunde.eus/wp-content/uploads/2026/01/Los-cuidadosde-la-vida-en-el-centro_CAS.pdf" target="_blank" rel="noopener">Ficha y enlace para inscripción.</a></p>

<p>Los cuidados de la vida en el centro Profesorado: Matxalen Legarreta Iza, Marina Sagaztizabal Emilio-Yus, Alaitz Uriarte Goikoetxea, Maider Barañano Uribarri, Elena Marínez Tola. Matriculación: 12 de enero a 13 [&hellip;]</p>

Los cuidados de la vida en el centro Profesorado: Matxalen Legarreta Iza, Marina Sagaztizabal Emilio-Yus, Alaitz Uriarte Goikoetxea, Maider Barañano Uribarri, Elena Marínez Tola. Matriculación: 12 de enero a 13 [&hellip;]
